{"id":546,"date":"2023-07-22T21:26:52","date_gmt":"2023-07-22T19:26:52","guid":{"rendered":"https:\/\/arka-swsiemp.pl\/?page_id=546"},"modified":"2023-07-22T21:29:43","modified_gmt":"2023-07-22T19:29:43","slug":"badania-lekarskie","status":"publish","type":"page","link":"https:\/\/arka-swsiemp.pl\/index.php\/badania-lekarskie\/","title":{"rendered":"Badania lekarskie"},"content":{"rendered":"\t\t<div data-elementor-type=\"wp-page\" data-elementor-id=\"546\" class=\"elementor elementor-546\">\n\t\t\t\t\t\t<section class=\"elementor-section elementor-top-section elementor-element elementor-element-4340f1de elementor-section-boxed elementor-section-height-default elementor-section-height-default\" data-id=\"4340f1de\" data-element_type=\"section\" data-e-type=\"section\" data-settings=\"{&quot;background_background&quot;:&quot;classic&quot;}\">\n\t\t\t\t\t\t<div class=\"elementor-container elementor-column-gap-no\">\n\t\t\t\t\t<div class=\"elementor-column elementor-col-100 elementor-top-column elementor-element elementor-element-3bbacd7e\" data-id=\"3bbacd7e\" data-element_type=\"column\" data-e-type=\"column\">\n\t\t\t<div class=\"elementor-widget-wrap elementor-element-populated\">\n\t\t\t\t\t\t<section class=\"elementor-section elementor-inner-section elementor-element elementor-element-2205effd elementor-section-boxed elementor-section-height-default elementor-section-height-default elementor-invisible\" data-id=\"2205effd\" data-element_type=\"section\" data-e-type=\"section\" data-settings=\"{&quot;animation&quot;:&quot;fadeInUp&quot;}\">\n\t\t\t\t\t\t<div class=\"elementor-container elementor-column-gap-no\">\n\t\t\t\t\t<div class=\"elementor-column elementor-col-100 elementor-inner-column elementor-element elementor-element-4f2a4b6f\" data-id=\"4f2a4b6f\" data-element_type=\"column\" data-e-type=\"column\">\n\t\t\t<div class=\"elementor-widget-wrap elementor-element-populated\">\n\t\t\t\t\t\t<div class=\"elementor-element elementor-element-686375d7 elementor-widget elementor-widget-heading\" data-id=\"686375d7\" data-element_type=\"widget\" data-e-type=\"widget\" data-widget_type=\"heading.default\">\n\t\t\t\t<div class=\"elementor-widget-container\">\n\t\t\t\t\t<h2 class=\"elementor-heading-title elementor-size-default\">Badania lekarskie<\/h2>\t\t\t\t<\/div>\n\t\t\t\t<\/div>\n\t\t\t\t\t<\/div>\n\t\t<\/div>\n\t\t\t\t\t<\/div>\n\t\t<\/section>\n\t\t\t\t<section class=\"elementor-section elementor-inner-section elementor-element elementor-element-13a59333 elementor-section-boxed elementor-section-height-default elementor-section-height-default\" data-id=\"13a59333\" data-element_type=\"section\" data-e-type=\"section\">\n\t\t\t\t\t\t<div class=\"elementor-container elementor-column-gap-extended\">\n\t\t\t\t\t<div class=\"elementor-column elementor-col-100 elementor-inner-column elementor-element elementor-element-30def29d\" data-id=\"30def29d\" data-element_type=\"column\" data-e-type=\"column\" data-settings=\"{&quot;background_background&quot;:&quot;classic&quot;}\">\n\t\t\t<div class=\"elementor-widget-wrap elementor-element-populated\">\n\t\t\t\t\t\t<div class=\"elementor-element elementor-element-578cfb6e eael-infobox-content-align--center eael-infobox-icon-bg-shape-none eael-infobox-icon-hover-bg-shape-none elementor-invisible elementor-widget elementor-widget-eael-info-box\" data-id=\"578cfb6e\" data-element_type=\"widget\" data-e-type=\"widget\" data-settings=\"{&quot;_animation&quot;:&quot;zoomIn&quot;}\" data-widget_type=\"eael-info-box.default\">\n\t\t\t\t<div class=\"elementor-widget-container\">\n\t\t\t\t\t        <div class=\"eael-infobox icon-on-top\">\n\t            <div class=\"infobox-icon eael-icon-only\">\n\n            \n                            <div class=\"infobox-icon-wrap\">\n                                    <\/div>\n            \n            \n        <\/div>\n            <div class=\"infobox-content eael-icon-only\">\n        <div><p>Ka\u017cdy cz\u0142onek klubu\u00a0<strong>powy\u017cej 6 roku \u017cycia\u00a0<\/strong>zobowi\u0105zany jest w terminie 2 tygodni od podpisania deklaracji cz\u0142onkowskiej dostarczy\u0107 za\u015bwiadczenie z Poradni Medycyny Sportowej o braku przeciwwskaza\u0144 do uprawiania pi\u0142ki no\u017cnej.<\/p><p>\u00a0<\/p><p>Badanie jest zawsze\u00a0<strong>wa\u017cne 6 lub 12 miesi\u0119cy (w zale\u017cno\u015bci na jak d\u0142ugo\u00a0wystawi za\u015bwiadczenie lekarz)\u00a0i po tym okresie nale\u017cy je przed\u0142u\u017cy\u0107.<\/strong>\u00a0<br \/>Aktualne badania nale\u017cy dostarczy\u0107 trenerowi.<\/p><p>\u00a0<\/p><p>Od marca 2019 roku badania mo\u017ce dokona\u0107 lekarz POZ na zwyk\u0142ej wizycie w Pa\u0144stwa przychodni.<\/p><p>Badania te b\u0119d\u0105 mia\u0142y tak\u0105 sam\u0105 wa\u017cno\u015b\u0107 jak te wykonywane w Poradni Medycyny Sportowej.<\/p><\/div>        <\/div>\n            <\/div>\n\n\t\t\t\t\t\t<\/div>\n\t\t\t\t<\/div>\n\t\t\t\t\t<\/div>\n\t\t<\/div>\n\t\t\t\t\t<\/div>\n\t\t<\/section>\n\t\t\t\t\t<\/div>\n\t\t<\/div>\n\t\t\t\t\t<\/div>\n\t\t<\/section>\n\t\t\t\t<\/div>\n\t\t","protected":false},"excerpt":{"rendered":"<p>Badania lekarskie Ka\u017cdy cz\u0142onek klubu\u00a0powy\u017cej 6 roku \u017cycia\u00a0zobowi\u0105zany jest w terminie 2 tygodni od podpisania deklaracji cz\u0142onkowskiej dostarczy\u0107 za\u015bwiadczenie z Poradni Medycyny Sportowej o braku przeciwwskaza\u0144 do uprawiania pi\u0142ki no\u017cnej. \u00a0 Badanie jest zawsze\u00a0wa\u017cne 6 lub 12 miesi\u0119cy (w zale\u017cno\u015bci na jak d\u0142ugo\u00a0wystawi za\u015bwiadczenie lekarz)\u00a0i po tym okresie nale\u017cy je przed\u0142u\u017cy\u0107.\u00a0Aktualne badania nale\u017cy dostarczy\u0107 trenerowi. &hellip; <\/p>\n<p class=\"link-more\"><a href=\"https:\/\/arka-swsiemp.pl\/index.php\/badania-lekarskie\/\" class=\"more-link\">Czytaj dalej<span class=\"screen-reader-text\"> \u201eBadania lekarskie\u201d<\/span><\/a><\/p>\n","protected":false},"author":1,"featured_media":0,"parent":0,"menu_order":0,"comment_status":"closed","ping_status":"closed","template":"elementor_header_footer","meta":{"footnotes":""},"class_list":["post-546","page","type-page","status-publish","hentry"],"yoast_head":"<!-- This site is optimized with the Yoast SEO plugin v27.4 - https:\/\/yoast.com\/product\/yoast-seo-wordpress\/ -->\n<title>Badania lekarskie | Arka Gdynia SWSiEMP<\/title>\n<meta name=\"robots\" content=\"index, follow, max-snippet:-1, max-image-preview:large, max-video-preview:-1\" \/>\n<link rel=\"canonical\" href=\"https:\/\/arka-swsiemp.pl\/index.php\/badania-lekarskie\/\" \/>\n<meta property=\"og:locale\" content=\"pl_PL\" \/>\n<meta property=\"og:type\" content=\"article\" \/>\n<meta property=\"og:title\" content=\"Badania lekarskie | Arka Gdynia SWSiEMP\" \/>\n<meta property=\"og:description\" content=\"Badania lekarskie Ka\u017cdy cz\u0142onek klubu\u00a0powy\u017cej 6 roku \u017cycia\u00a0zobowi\u0105zany jest w terminie 2 tygodni od podpisania deklaracji cz\u0142onkowskiej dostarczy\u0107 za\u015bwiadczenie z Poradni Medycyny Sportowej o braku przeciwwskaza\u0144 do uprawiania pi\u0142ki no\u017cnej. \u00a0 Badanie jest zawsze\u00a0wa\u017cne 6 lub 12 miesi\u0119cy (w zale\u017cno\u015bci na jak d\u0142ugo\u00a0wystawi za\u015bwiadczenie lekarz)\u00a0i po tym okresie nale\u017cy je przed\u0142u\u017cy\u0107.\u00a0Aktualne badania nale\u017cy dostarczy\u0107 trenerowi. &hellip; Czytaj dalej \u201eBadania lekarskie\u201d\" \/>\n<meta property=\"og:url\" content=\"https:\/\/arka-swsiemp.pl\/index.php\/badania-lekarskie\/\" \/>\n<meta property=\"og:site_name\" content=\"Arka Gdynia SWSiEMP\" \/>\n<meta property=\"article:publisher\" content=\"https:\/\/www.facebook.com\/profile.php?id=100076234040257\" \/>\n<meta property=\"article:modified_time\" content=\"2023-07-22T19:29:43+00:00\" \/>\n<meta property=\"og:image\" content=\"https:\/\/arka-swsiemp.pl\/wp-content\/uploads\/2023\/08\/grupowe-aktualnosci-1-kopia_2-scaled.jpg\" \/>\n\t<meta property=\"og:image:width\" content=\"2560\" \/>\n\t<meta property=\"og:image:height\" content=\"1920\" \/>\n\t<meta property=\"og:image:type\" content=\"image\/jpeg\" \/>\n<meta name=\"twitter:card\" content=\"summary_large_image\" \/>\n<meta name=\"twitter:label1\" content=\"Szacowany czas czytania\" \/>\n\t<meta name=\"twitter:data1\" content=\"1 minuta\" \/>\n<script type=\"application\/ld+json\" class=\"yoast-schema-graph\">{\"@context\":\"https:\\\/\\\/schema.org\",\"@graph\":[{\"@type\":\"WebPage\",\"@id\":\"https:\\\/\\\/arka-swsiemp.pl\\\/index.php\\\/badania-lekarskie\\\/\",\"url\":\"https:\\\/\\\/arka-swsiemp.pl\\\/index.php\\\/badania-lekarskie\\\/\",\"name\":\"Badania lekarskie | Arka Gdynia SWSiEMP\",\"isPartOf\":{\"@id\":\"https:\\\/\\\/arka-swsiemp.pl\\\/#website\"},\"datePublished\":\"2023-07-22T19:26:52+00:00\",\"dateModified\":\"2023-07-22T19:29:43+00:00\",\"breadcrumb\":{\"@id\":\"https:\\\/\\\/arka-swsiemp.pl\\\/index.php\\\/badania-lekarskie\\\/#breadcrumb\"},\"inLanguage\":\"pl-PL\",\"potentialAction\":[{\"@type\":\"ReadAction\",\"target\":[\"https:\\\/\\\/arka-swsiemp.pl\\\/index.php\\\/badania-lekarskie\\\/\"]}]},{\"@type\":\"BreadcrumbList\",\"@id\":\"https:\\\/\\\/arka-swsiemp.pl\\\/index.php\\\/badania-lekarskie\\\/#breadcrumb\",\"itemListElement\":[{\"@type\":\"ListItem\",\"position\":1,\"name\":\"Strona g\u0142\u00f3wna\",\"item\":\"https:\\\/\\\/arka-swsiemp.pl\\\/\"},{\"@type\":\"ListItem\",\"position\":2,\"name\":\"Badania lekarskie\"}]},{\"@type\":\"WebSite\",\"@id\":\"https:\\\/\\\/arka-swsiemp.pl\\\/#website\",\"url\":\"https:\\\/\\\/arka-swsiemp.pl\\\/\",\"name\":\"Arka Gdynia SWSiEMP\",\"description\":\"\",\"publisher\":{\"@id\":\"https:\\\/\\\/arka-swsiemp.pl\\\/#organization\"},\"potentialAction\":[{\"@type\":\"SearchAction\",\"target\":{\"@type\":\"EntryPoint\",\"urlTemplate\":\"https:\\\/\\\/arka-swsiemp.pl\\\/?s={search_term_string}\"},\"query-input\":{\"@type\":\"PropertyValueSpecification\",\"valueRequired\":true,\"valueName\":\"search_term_string\"}}],\"inLanguage\":\"pl-PL\"},{\"@type\":\"Organization\",\"@id\":\"https:\\\/\\\/arka-swsiemp.pl\\\/#organization\",\"name\":\"Arka Gdynia SWSiEMP\",\"url\":\"https:\\\/\\\/arka-swsiemp.pl\\\/\",\"logo\":{\"@type\":\"ImageObject\",\"inLanguage\":\"pl-PL\",\"@id\":\"https:\\\/\\\/arka-swsiemp.pl\\\/#\\\/schema\\\/logo\\\/image\\\/\",\"url\":\"https:\\\/\\\/arka-swsiemp.pl\\\/wp-content\\\/uploads\\\/2023\\\/07\\\/logo-swsiemp-w-png.png\",\"contentUrl\":\"https:\\\/\\\/arka-swsiemp.pl\\\/wp-content\\\/uploads\\\/2023\\\/07\\\/logo-swsiemp-w-png.png\",\"width\":1181,\"height\":1181,\"caption\":\"Arka Gdynia SWSiEMP\"},\"image\":{\"@id\":\"https:\\\/\\\/arka-swsiemp.pl\\\/#\\\/schema\\\/logo\\\/image\\\/\"},\"sameAs\":[\"https:\\\/\\\/www.facebook.com\\\/profile.php?id=100076234040257\",\"https:\\\/\\\/www.instagram.com\\\/swsiemp_arka_gdynia\\\/\"]}]}<\/script>\n<!-- \/ Yoast SEO plugin. -->","yoast_head_json":{"title":"Badania lekarskie | Arka Gdynia SWSiEMP","robots":{"index":"index","follow":"follow","max-snippet":"max-snippet:-1","max-image-preview":"max-image-preview:large","max-video-preview":"max-video-preview:-1"},"canonical":"https:\/\/arka-swsiemp.pl\/index.php\/badania-lekarskie\/","og_locale":"pl_PL","og_type":"article","og_title":"Badania lekarskie | Arka Gdynia SWSiEMP","og_description":"Badania lekarskie Ka\u017cdy cz\u0142onek klubu\u00a0powy\u017cej 6 roku \u017cycia\u00a0zobowi\u0105zany jest w terminie 2 tygodni od podpisania deklaracji cz\u0142onkowskiej dostarczy\u0107 za\u015bwiadczenie z Poradni Medycyny Sportowej o braku przeciwwskaza\u0144 do uprawiania pi\u0142ki no\u017cnej. \u00a0 Badanie jest zawsze\u00a0wa\u017cne 6 lub 12 miesi\u0119cy (w zale\u017cno\u015bci na jak d\u0142ugo\u00a0wystawi za\u015bwiadczenie lekarz)\u00a0i po tym okresie nale\u017cy je przed\u0142u\u017cy\u0107.\u00a0Aktualne badania nale\u017cy dostarczy\u0107 trenerowi. &hellip; Czytaj dalej \u201eBadania lekarskie\u201d","og_url":"https:\/\/arka-swsiemp.pl\/index.php\/badania-lekarskie\/","og_site_name":"Arka Gdynia SWSiEMP","article_publisher":"https:\/\/www.facebook.com\/profile.php?id=100076234040257","article_modified_time":"2023-07-22T19:29:43+00:00","og_image":[{"width":2560,"height":1920,"url":"https:\/\/arka-swsiemp.pl\/wp-content\/uploads\/2023\/08\/grupowe-aktualnosci-1-kopia_2-scaled.jpg","type":"image\/jpeg"}],"twitter_card":"summary_large_image","twitter_misc":{"Szacowany czas czytania":"1 minuta"},"schema":{"@context":"https:\/\/schema.org","@graph":[{"@type":"WebPage","@id":"https:\/\/arka-swsiemp.pl\/index.php\/badania-lekarskie\/","url":"https:\/\/arka-swsiemp.pl\/index.php\/badania-lekarskie\/","name":"Badania lekarskie | Arka Gdynia SWSiEMP","isPartOf":{"@id":"https:\/\/arka-swsiemp.pl\/#website"},"datePublished":"2023-07-22T19:26:52+00:00","dateModified":"2023-07-22T19:29:43+00:00","breadcrumb":{"@id":"https:\/\/arka-swsiemp.pl\/index.php\/badania-lekarskie\/#breadcrumb"},"inLanguage":"pl-PL","potentialAction":[{"@type":"ReadAction","target":["https:\/\/arka-swsiemp.pl\/index.php\/badania-lekarskie\/"]}]},{"@type":"BreadcrumbList","@id":"https:\/\/arka-swsiemp.pl\/index.php\/badania-lekarskie\/#breadcrumb","itemListElement":[{"@type":"ListItem","position":1,"name":"Strona g\u0142\u00f3wna","item":"https:\/\/arka-swsiemp.pl\/"},{"@type":"ListItem","position":2,"name":"Badania lekarskie"}]},{"@type":"WebSite","@id":"https:\/\/arka-swsiemp.pl\/#website","url":"https:\/\/arka-swsiemp.pl\/","name":"Arka Gdynia SWSiEMP","description":"","publisher":{"@id":"https:\/\/arka-swsiemp.pl\/#organization"},"potentialAction":[{"@type":"SearchAction","target":{"@type":"EntryPoint","urlTemplate":"https:\/\/arka-swsiemp.pl\/?s={search_term_string}"},"query-input":{"@type":"PropertyValueSpecification","valueRequired":true,"valueName":"search_term_string"}}],"inLanguage":"pl-PL"},{"@type":"Organization","@id":"https:\/\/arka-swsiemp.pl\/#organization","name":"Arka Gdynia SWSiEMP","url":"https:\/\/arka-swsiemp.pl\/","logo":{"@type":"ImageObject","inLanguage":"pl-PL","@id":"https:\/\/arka-swsiemp.pl\/#\/schema\/logo\/image\/","url":"https:\/\/arka-swsiemp.pl\/wp-content\/uploads\/2023\/07\/logo-swsiemp-w-png.png","contentUrl":"https:\/\/arka-swsiemp.pl\/wp-content\/uploads\/2023\/07\/logo-swsiemp-w-png.png","width":1181,"height":1181,"caption":"Arka Gdynia SWSiEMP"},"image":{"@id":"https:\/\/arka-swsiemp.pl\/#\/schema\/logo\/image\/"},"sameAs":["https:\/\/www.facebook.com\/profile.php?id=100076234040257","https:\/\/www.instagram.com\/swsiemp_arka_gdynia\/"]}]}},"_links":{"self":[{"href":"https:\/\/arka-swsiemp.pl\/index.php\/wp-json\/wp\/v2\/pages\/546","targetHints":{"allow":["GET"]}}],"collection":[{"href":"https:\/\/arka-swsiemp.pl\/index.php\/wp-json\/wp\/v2\/pages"}],"about":[{"href":"https:\/\/arka-swsiemp.pl\/index.php\/wp-json\/wp\/v2\/types\/page"}],"author":[{"embeddable":true,"href":"https:\/\/arka-swsiemp.pl\/index.php\/wp-json\/wp\/v2\/users\/1"}],"replies":[{"embeddable":true,"href":"https:\/\/arka-swsiemp.pl\/index.php\/wp-json\/wp\/v2\/comments?post=546"}],"version-history":[{"count":4,"href":"https:\/\/arka-swsiemp.pl\/index.php\/wp-json\/wp\/v2\/pages\/546\/revisions"}],"predecessor-version":[{"id":550,"href":"https:\/\/arka-swsiemp.pl\/index.php\/wp-json\/wp\/v2\/pages\/546\/revisions\/550"}],"wp:attachment":[{"href":"https:\/\/arka-swsiemp.pl\/index.php\/wp-json\/wp\/v2\/media?parent=546"}],"curies":[{"name":"wp","href":"https:\/\/api.w.org\/{rel}","templated":true}]}}